{"id":278,"date":"2026-01-04T13:11:48","date_gmt":"2026-01-04T12:11:48","guid":{"rendered":"http:\/\/localhost\/ilsogno_bnb\/wordpress\/index.php\/offerings\/"},"modified":"2026-03-15T13:15:22","modified_gmt":"2026-03-15T12:15:22","slug":"offerings","status":"publish","type":"page","link":"https:\/\/lakecomosogno.com\/?page_id=278","title":{"rendered":"Offerings"},"content":{"rendered":"\t\t<div data-elementor-type=\"wp-page\" data-elementor-id=\"278\" class=\"elementor elementor-278\">\n\t\t\t\t<div class=\"elementor-element elementor-element-c2ace9d e-flex e-con-boxed e-con e-parent\" data-id=\"c2ace9d\" data-element_type=\"container\" data-settings=\"{&quot;background_background&quot;:&quot;classic&quot;}\">\n\t\t\t\t\t<div class=\"e-con-inner\">\n\t\t\t\t<div class=\"elementor-element elementor-element-229ddd0 elementor-widget elementor-widget-heading\" data-id=\"229ddd0\" data-element_type=\"widget\" data-widget_type=\"heading.default\">\n\t\t\t\t\t<h1 class=\"elementor-heading-title elementor-size-default\">I Nostri Servizi Unici<\/h1>\t\t\t\t<\/div>\n\t\t\t\t\t<\/div>\n\t\t\t\t<\/div>\n\t\t<div class=\"elementor-element elementor-element-fcdf03c e-flex e-con-boxed e-con e-parent\" data-id=\"fcdf03c\" data-element_type=\"container\" data-settings=\"{&quot;background_background&quot;:&quot;classic&quot;}\">\n\t\t\t\t\t<div class=\"e-con-inner\">\n\t\t\t\t<div class=\"elementor-element elementor-element-cbf03b7 elementor-widget elementor-widget-heading\" data-id=\"cbf03b7\" data-element_type=\"widget\" data-widget_type=\"heading.default\">\n\t\t\t\t\t<h2 class=\"elementor-heading-title elementor-size-default\">Servizi Esclusivi Offerti<\/h2>\t\t\t\t<\/div>\n\t\t<div class=\"elementor-element elementor-element-6faae0a e-con-full e-flex e-con e-child\" data-id=\"6faae0a\" data-element_type=\"container\" data-settings=\"{&quot;background_background&quot;:&quot;classic&quot;}\">\n\t\t<div class=\"elementor-element elementor-element-da8ec88 e-con-full e-flex e-con e-child\" data-id=\"da8ec88\" data-element_type=\"container\">\n\t\t<div class=\"elementor-element elementor-element-4e986bf e-con-full e-flex e-con e-child\" data-id=\"4e986bf\" data-element_type=\"container\">\n\t\t\t\t<div class=\"elementor-element elementor-element-ac5afe7 elementor-widget elementor-widget-image\" data-id=\"ac5afe7\" data-element_type=\"widget\" data-widget_type=\"image.default\">\n\t\t\t\t\t\t\t\t\t\t\t\t\t\t\t<img decoding=\"async\" src=\"http:\/\/localhost\/ilsogno_bnb\/wordpress\/wp-content\/uploads\/2026\/01\/pexels-photo-1843244-1.jpeg\" title=\"Offerings\" alt=\"Pexels Photo 1843244 1\" loading=\"lazy\">\t\t\t\t\t\t\t\t\t\t\t\t\t\t\t<\/div>\n\t\t\t\t<\/div>\n\t\t<div class=\"elementor-element elementor-element-e768060 e-con-full e-flex e-con e-child\" data-id=\"e768060\" data-element_type=\"container\" data-settings=\"{&quot;background_background&quot;:&quot;classic&quot;}\">\n\t\t\t\t<div class=\"elementor-element elementor-element-46051e1 elementor-widget elementor-widget-text-editor\" data-id=\"46051e1\" data-element_type=\"widget\" data-widget_type=\"text-editor.default\">\n\t\t\t\t\t\t\t\t\t<p>01<\/p>\t\t\t\t\t\t\t\t<\/div>\n\t\t\t\t<div class=\"elementor-element elementor-element-5bcc27f elementor-widget elementor-widget-hfe-infocard\" data-id=\"5bcc27f\" data-element_type=\"widget\" data-widget_type=\"hfe-infocard.default\">\n\t\t\t\t<div class=\"elementor-widget-container\">\n\t\t\t\t\t\n\t\t<div class=\"hfe-infocard\">\n\t\t\t\t\t\t\t\t\t<div class=\"hfe-infocard-title-wrap\">\n\t\t\t\t<h3 class=\"hfe-infocard-title elementor-inline-editing\" data-elementor-setting-key=\"infocard_title\" data-elementor-inline-editing-toolbar=\"basic\" >Camere Confortevoli<\/h3>\t\t\t<\/div>\n\t\t\t\t\t\t<div class=\"hfe-infocard-text-wrap\">\n\t\t\t\t<div class=\"hfe-infocard-text elementor-inline-editing\" data-elementor-setting-key=\"infocard_description\" data-elementor-inline-editing-toolbar=\"advanced\">\n\t\t\t\t\tLe nostre camere sono arredate con gusto e dotate di bagno privato. Ogni stanza vanta un ampio balcone con vista mozzafiato sul Lago di Como e sul Duomo. Gustati il comfort e la bellezza durante il tuo soggiorno.\t\t\t\t<\/div>\n\t\t\t\t\t\t\t<\/div>\n\t\t<\/div>\n\n\t\t\t\t\t\t<\/div>\n\t\t\t\t<\/div>\n\t\t\t\t<\/div>\n\t\t\t\t<\/div>\n\t\t<div class=\"elementor-element elementor-element-d56e1f1 e-con-full e-flex e-con e-child\" data-id=\"d56e1f1\" data-element_type=\"container\">\n\t\t<div class=\"elementor-element elementor-element-700d114 e-con-full e-flex e-con e-child\" data-id=\"700d114\" data-element_type=\"container\" data-settings=\"{&quot;background_background&quot;:&quot;classic&quot;}\">\n\t\t\t\t<div class=\"elementor-element elementor-element-6172318 elementor-widget elementor-widget-text-editor\" data-id=\"6172318\" data-element_type=\"widget\" data-widget_type=\"text-editor.default\">\n\t\t\t\t\t\t\t\t\t<p>02<\/p>\t\t\t\t\t\t\t\t<\/div>\n\t\t\t\t<div class=\"elementor-element elementor-element-50c0268 elementor-widget elementor-widget-hfe-infocard\" data-id=\"50c0268\" data-element_type=\"widget\" data-widget_type=\"hfe-infocard.default\">\n\t\t\t\t<div class=\"elementor-widget-container\">\n\t\t\t\t\t\n\t\t<div class=\"hfe-infocard\">\n\t\t\t\t\t\t\t\t\t<div class=\"hfe-infocard-title-wrap\">\n\t\t\t\t<h3 class=\"hfe-infocard-title elementor-inline-editing\" data-elementor-setting-key=\"infocard_title\" data-elementor-inline-editing-toolbar=\"basic\" >Parcheggio Sicuro<\/h3>\t\t\t<\/div>\n\t\t\t\t\t\t<div class=\"hfe-infocard-text-wrap\">\n\t\t\t\t<div class=\"hfe-infocard-text elementor-inline-editing\" data-elementor-setting-key=\"infocard_description\" data-elementor-inline-editing-toolbar=\"advanced\">\n\t\t\t\t\tIl Sogno offre 3 garage coperti per garantire la sicurezza della tua auto. Inoltre, trovi sempre posti disponibili nelle vicinanze. La tua tranquillit\u00e0 durante il soggiorno \u00e8 la nostra priorit\u00e0.\t\t\t\t<\/div>\n\t\t\t\t\t\t\t<\/div>\n\t\t<\/div>\n\n\t\t\t\t\t\t<\/div>\n\t\t\t\t<\/div>\n\t\t\t\t<\/div>\n\t\t<div class=\"elementor-element elementor-element-f798dc3 e-con-full e-flex e-con e-child\" data-id=\"f798dc3\" data-element_type=\"container\">\n\t\t\t\t<div class=\"elementor-element elementor-element-48db840 elementor-widget elementor-widget-image\" data-id=\"48db840\" data-element_type=\"widget\" data-widget_type=\"image.default\">\n\t\t\t\t\t\t\t\t\t\t\t\t\t\t\t<img decoding=\"async\" src=\"http:\/\/localhost\/ilsogno_bnb\/wordpress\/wp-content\/uploads\/2026\/01\/pexels-photo-28252882-1.jpeg\" title=\"Offerings\" alt=\"Pexels Photo 28252882 1\" loading=\"lazy\">\t\t\t\t\t\t\t\t\t\t\t\t\t\t\t<\/div>\n\t\t\t\t<\/div>\n\t\t\t\t<\/div>\n\t\t<div class=\"elementor-element elementor-element-d74ce6d e-con-full e-flex e-con e-child\" data-id=\"d74ce6d\" data-element_type=\"container\">\n\t\t<div class=\"elementor-element elementor-element-b9c0be4 e-con-full e-flex e-con e-child\" data-id=\"b9c0be4\" data-element_type=\"container\">\n\t\t\t\t<div class=\"elementor-element elementor-element-f177f73 elementor-widget elementor-widget-image\" data-id=\"f177f73\" data-element_type=\"widget\" data-widget_type=\"image.default\">\n\t\t\t\t\t\t\t\t\t\t\t\t\t\t\t<img decoding=\"async\" src=\"http:\/\/localhost\/ilsogno_bnb\/wordpress\/wp-content\/uploads\/2026\/01\/pexels-photo-27487038-1.jpeg\" title=\"Offerings\" alt=\"Pexels Photo 27487038 1\" loading=\"lazy\">\t\t\t\t\t\t\t\t\t\t\t\t\t\t\t<\/div>\n\t\t\t\t<\/div>\n\t\t<div class=\"elementor-element elementor-element-f49fdd7 e-con-full e-flex e-con e-child\" data-id=\"f49fdd7\" data-element_type=\"container\" data-settings=\"{&quot;background_background&quot;:&quot;classic&quot;}\">\n\t\t\t\t<div class=\"elementor-element elementor-element-146ad82 elementor-widget elementor-widget-text-editor\" data-id=\"146ad82\" data-element_type=\"widget\" data-widget_type=\"text-editor.default\">\n\t\t\t\t\t\t\t\t\t<p>03<\/p>\t\t\t\t\t\t\t\t<\/div>\n\t\t\t\t<div class=\"elementor-element elementor-element-0e92e7d elementor-widget elementor-widget-hfe-infocard\" data-id=\"0e92e7d\" data-element_type=\"widget\" data-widget_type=\"hfe-infocard.default\">\n\t\t\t\t<div class=\"elementor-widget-container\">\n\t\t\t\t\t\n\t\t<div class=\"hfe-infocard\">\n\t\t\t\t\t\t\t\t\t<div class=\"hfe-infocard-title-wrap\">\n\t\t\t\t<h3 class=\"hfe-infocard-title elementor-inline-editing\" data-elementor-setting-key=\"infocard_title\" data-elementor-inline-editing-toolbar=\"basic\" >Wi-Fi Gratuito<\/h3>\t\t\t<\/div>\n\t\t\t\t\t\t<div class=\"hfe-infocard-text-wrap\">\n\t\t\t\t<div class=\"hfe-infocard-text elementor-inline-editing\" data-elementor-setting-key=\"infocard_description\" data-elementor-inline-editing-toolbar=\"advanced\">\n\t\t\t\t\tRimani connesso durante il tuo soggiorno grazie al Wi-Fi gratuito disponibile in tutto il B&amp;B. Ideale per pianificare le tue attivit\u00e0 o semplicemente per rilassarti e navigare. La connessione veloce ti permette di sentirti come a casa.\t\t\t\t<\/div>\n\t\t\t\t\t\t\t<\/div>\n\t\t<\/div>\n\n\t\t\t\t\t\t<\/div>\n\t\t\t\t<\/div>\n\t\t\t\t<\/div>\n\t\t\t\t<\/div>\n\t\t<div class=\"elementor-element elementor-element-427bb67 e-con-full e-flex e-con e-child\" data-id=\"427bb67\" data-element_type=\"container\">\n\t\t<div class=\"elementor-element elementor-element-115dfc8 e-con-full e-flex e-con e-child\" data-id=\"115dfc8\" data-element_type=\"container\" data-settings=\"{&quot;background_background&quot;:&quot;classic&quot;}\">\n\t\t\t\t<div class=\"elementor-element elementor-element-bebb67d elementor-widget elementor-widget-text-editor\" data-id=\"bebb67d\" data-element_type=\"widget\" data-widget_type=\"text-editor.default\">\n\t\t\t\t\t\t\t\t\t<p>04<\/p>\t\t\t\t\t\t\t\t<\/div>\n\t\t\t\t<div class=\"elementor-element elementor-element-44a79dd elementor-widget elementor-widget-hfe-infocard\" data-id=\"44a79dd\" data-element_type=\"widget\" data-widget_type=\"hfe-infocard.default\">\n\t\t\t\t<div class=\"elementor-widget-container\">\n\t\t\t\t\t\n\t\t<div class=\"hfe-infocard\">\n\t\t\t\t\t\t\t\t\t<div class=\"hfe-infocard-title-wrap\">\n\t\t\t\t<h3 class=\"hfe-infocard-title elementor-inline-editing\" data-elementor-setting-key=\"infocard_title\" data-elementor-inline-editing-toolbar=\"basic\" >Colazione Inclusa<\/h3>\t\t\t<\/div>\n\t\t\t\t\t\t<div class=\"hfe-infocard-text-wrap\">\n\t\t\t\t<div class=\"hfe-infocard-text elementor-inline-editing\" data-elementor-setting-key=\"infocard_description\" data-elementor-inline-editing-toolbar=\"advanced\">\n\t\t\t\t\tInizia la giornata con la nostra deliziosa colazione inclusa nel soggiorno. Offriamo una selezione di prodotti freschi e locali per soddisfare ogni palato. Un ottimo modo per prepararsi a esplorare il meraviglioso Lago di Como.\t\t\t\t<\/div>\n\t\t\t\t\t\t\t<\/div>\n\t\t<\/div>\n\n\t\t\t\t\t\t<\/div>\n\t\t\t\t<\/div>\n\t\t\t\t<\/div>\n\t\t<div class=\"elementor-element elementor-element-bbe569f e-con-full e-flex e-con e-child\" data-id=\"bbe569f\" data-element_type=\"container\">\n\t\t\t\t<div class=\"elementor-element elementor-element-ca47d0e elementor-widget elementor-widget-image\" data-id=\"ca47d0e\" data-element_type=\"widget\" data-widget_type=\"image.default\">\n\t\t\t\t\t\t\t\t\t\t\t\t\t\t\t<img decoding=\"async\" src=\"http:\/\/localhost\/ilsogno_bnb\/wordpress\/wp-content\/uploads\/2026\/01\/pexels-photo-7745929-1.jpeg\" title=\"Offerings\" alt=\"Pexels Photo 7745929 1\" loading=\"lazy\">\t\t\t\t\t\t\t\t\t\t\t\t\t\t\t<\/div>\n\t\t\t\t<\/div>\n\t\t\t\t<\/div>\n\t\t\t\t<\/div>\n\t\t\t\t\t<\/div>\n\t\t\t\t<\/div>\n\t\t<div class=\"elementor-element elementor-element-efa0d45 e-flex e-con-boxed e-con e-parent\" data-id=\"efa0d45\" data-element_type=\"container\" data-settings=\"{&quot;background_background&quot;:&quot;classic&quot;}\">\n\t\t\t\t\t<div class=\"e-con-inner\">\n\t\t\t\t<div class=\"elementor-element elementor-element-e3911eb elementor-widget elementor-widget-hfe-infocard\" data-id=\"e3911eb\" data-element_type=\"widget\" data-widget_type=\"hfe-infocard.default\">\n\t\t\t\t<div class=\"elementor-widget-container\">\n\t\t\t\t\t\n\t\t<div class=\"hfe-infocard\">\n\t\t\t\t\t\t\t\t\t<div class=\"hfe-infocard-title-wrap\">\n\t\t\t\t<h2 class=\"hfe-infocard-title elementor-inline-editing\" data-elementor-setting-key=\"infocard_title\" data-elementor-inline-editing-toolbar=\"basic\" >Scopri di Pi\u00f9 Oggi<\/h2>\t\t\t<\/div>\n\t\t\t\t\t\t<div class=\"hfe-infocard-text-wrap\">\n\t\t\t\t<div class=\"hfe-infocard-text elementor-inline-editing\" data-elementor-setting-key=\"infocard_description\" data-elementor-inline-editing-toolbar=\"advanced\">\n\t\t\t\t\tNon perdere l'opportunit\u00e0 di una fuga unica. Contattaci e prenota il tuo soggiorno indimenticabile.\t\t\t\t<\/div>\n\t\t\t\t\t\t\t<div class=\"hfe-button-wrapper elementor-widget-button\">\n\t\t\t\t<a href=\"\/contact\/\" class=\"elementor-button-link elementor-button elementor-size-sm\">\n\t\t\t\t\t<span class=\"elementor-button-text elementor-inline-editing\"  data-elementor-setting-key=\"infocard_button_text\" data-elementor-inline-editing-toolbar=\"none\">Prenota Ora<\/span>\n\t\t\t\t<\/a>\n\t\t\t<\/div>\n\t\t\t\t\t\t<\/div>\n\t\t<\/div>\n\n\t\t\t\t\t\t<\/div>\n\t\t\t\t<\/div>\n\t\t\t\t\t<\/div>\n\t\t\t\t<\/div>\n\t\t\t\t<\/div>\n\t\t","protected":false},"excerpt":{"rendered":"<p>I Nostri Servizi Unici Servizi Esclusivi Offerti 01 Camere Confortevoli Le nostre camere sono arredate con gusto e dotate di [&hellip;]<\/p>\n","protected":false},"author":1,"featured_media":0,"parent":0,"menu_order":0,"comment_status":"closed","ping_status":"closed","template":"","meta":{"site-sidebar-layout":"no-sidebar","site-content-layout":"","ast-site-content-layout":"full-width-container","site-content-style":"default","site-sidebar-style":"default","ast-global-header-display":"","ast-banner-title-visibility":"","ast-main-header-display":"","ast-hfb-above-header-display":"","ast-hfb-below-header-display":"","ast-hfb-mobile-header-display":"","site-post-title":"disabled","ast-breadcrumbs-content":"","ast-featured-img":"disabled","footer-sml-layout":"","ast-disable-related-posts":"","theme-transparent-header-meta":"enabled","adv-header-id-meta":"","stick-header-meta":"","header-above-stick-meta":"","header-main-stick-meta":"","header-below-stick-meta":"","astra-migrate-meta-layouts":"default","ast-page-background-enabled":"default","ast-page-background-meta":{"desktop":{"background-color":"var(--ast-global-color-5)","background-image":"","background-repeat":"repeat","background-position":"center center","background-size":"auto","background-attachment":"scroll","background-type":"","background-media":"","overlay-type":"","overlay-color":"","overlay-opacity":"","overlay-gradient":""},"tablet":{"background-color":"","background-image":"","background-repeat":"repeat","background-position":"center center","background-size":"auto","background-attachment":"scroll","background-type":"","background-media":"","overlay-type":"","overlay-color":"","overlay-opacity":"","overlay-gradient":""},"mobile":{"background-color":"","background-image":"","background-repeat":"repeat","background-position":"center center","background-size":"auto","background-attachment":"scroll","background-type":"","background-media":"","overlay-type":"","overlay-color":"","overlay-opacity":"","overlay-gradient":""}},"ast-content-background-meta":{"desktop":{"background-color":"var(--ast-global-color-4)","background-image":"","background-repeat":"repeat","background-position":"center center","background-size":"auto","background-attachment":"scroll","background-type":"","background-media":"","overlay-type":"","overlay-color":"","overlay-opacity":"","overlay-gradient":""},"tablet":{"background-color":"var(--ast-global-color-4)","background-image":"","background-repeat":"repeat","background-position":"center center","background-size":"auto","background-attachment":"scroll","background-type":"","background-media":"","overlay-type":"","overlay-color":"","overlay-opacity":"","overlay-gradient":""},"mobile":{"background-color":"var(--ast-global-color-4)","background-image":"","background-repeat":"repeat","background-position":"center center","background-size":"auto","background-attachment":"scroll","background-type":"","background-media":"","overlay-type":"","overlay-color":"","overlay-opacity":"","overlay-gradient":""}},"footnotes":""},"class_list":["post-278","page","type-page","status-publish","hentry"],"yoast_head":"<!-- This site is optimized with the Yoast SEO plugin v26.7 - https:\/\/yoast.com\/wordpress\/plugins\/seo\/ -->\n<title>Offerings - Il Sogno<\/title>\n<meta name=\"robots\" content=\"noindex, follow, max-snippet:-1, max-image-preview:large, max-video-preview:-1\" \/>\n<meta property=\"og:locale\" content=\"it_IT\" \/>\n<meta property=\"og:type\" content=\"article\" \/>\n<meta property=\"og:title\" content=\"Offerings - Il Sogno\" \/>\n<meta property=\"og:description\" content=\"I Nostri Servizi Unici Servizi Esclusivi Offerti 01 Camere Confortevoli Le nostre camere sono arredate con gusto e dotate di [&hellip;]\" \/>\n<meta property=\"og:url\" content=\"https:\/\/lakecomosogno.com\/?page_id=278\" \/>\n<meta property=\"og:site_name\" content=\"Il Sogno\" \/>\n<meta property=\"article:modified_time\" content=\"2026-03-15T12:15:22+00:00\" \/>\n<meta property=\"og:image\" content=\"http:\/\/localhost\/ilsogno_bnb\/wordpress\/wp-content\/uploads\/2026\/01\/pexels-photo-1843244-1.jpeg\" \/>\n<meta name=\"twitter:card\" content=\"summary_large_image\" \/>\n<meta name=\"twitter:label1\" content=\"Tempo di lettura stimato\" \/>\n\t<meta name=\"twitter:data1\" content=\"1 minuto\" \/>\n<script type=\"application\/ld+json\" class=\"yoast-schema-graph\">{\"@context\":\"https:\/\/schema.org\",\"@graph\":[{\"@type\":\"WebPage\",\"@id\":\"https:\/\/lakecomosogno.com\/?page_id=278\",\"url\":\"https:\/\/lakecomosogno.com\/?page_id=278\",\"name\":\"Offerings - Il Sogno\",\"isPartOf\":{\"@id\":\"https:\/\/lakecomosogno.com\/#website\"},\"primaryImageOfPage\":{\"@id\":\"https:\/\/lakecomosogno.com\/?page_id=278#primaryimage\"},\"image\":{\"@id\":\"https:\/\/lakecomosogno.com\/?page_id=278#primaryimage\"},\"thumbnailUrl\":\"http:\/\/localhost\/ilsogno_bnb\/wordpress\/wp-content\/uploads\/2026\/01\/pexels-photo-1843244-1.jpeg\",\"datePublished\":\"2026-01-04T12:11:48+00:00\",\"dateModified\":\"2026-03-15T12:15:22+00:00\",\"breadcrumb\":{\"@id\":\"https:\/\/lakecomosogno.com\/?page_id=278#breadcrumb\"},\"inLanguage\":\"it-IT\",\"potentialAction\":[{\"@type\":\"ReadAction\",\"target\":[\"https:\/\/lakecomosogno.com\/?page_id=278\"]}]},{\"@type\":\"ImageObject\",\"inLanguage\":\"it-IT\",\"@id\":\"https:\/\/lakecomosogno.com\/?page_id=278#primaryimage\",\"url\":\"http:\/\/localhost\/ilsogno_bnb\/wordpress\/wp-content\/uploads\/2026\/01\/pexels-photo-1843244-1.jpeg\",\"contentUrl\":\"http:\/\/localhost\/ilsogno_bnb\/wordpress\/wp-content\/uploads\/2026\/01\/pexels-photo-1843244-1.jpeg\"},{\"@type\":\"BreadcrumbList\",\"@id\":\"https:\/\/lakecomosogno.com\/?page_id=278#breadcrumb\",\"itemListElement\":[{\"@type\":\"ListItem\",\"position\":1,\"name\":\"Home\",\"item\":\"https:\/\/lakecomosogno.com\/\"},{\"@type\":\"ListItem\",\"position\":2,\"name\":\"Offerings\"}]},{\"@type\":\"WebSite\",\"@id\":\"https:\/\/lakecomosogno.com\/#website\",\"url\":\"https:\/\/lakecomosogno.com\/\",\"name\":\"Il Sogno\",\"description\":\"\",\"publisher\":{\"@id\":\"https:\/\/lakecomosogno.com\/#organization\"},\"potentialAction\":[{\"@type\":\"SearchAction\",\"target\":{\"@type\":\"EntryPoint\",\"urlTemplate\":\"https:\/\/lakecomosogno.com\/?s={search_term_string}\"},\"query-input\":{\"@type\":\"PropertyValueSpecification\",\"valueRequired\":true,\"valueName\":\"search_term_string\"}}],\"inLanguage\":\"it-IT\"},{\"@type\":\"Organization\",\"@id\":\"https:\/\/lakecomosogno.com\/#organization\",\"name\":\"Il Sogno\",\"url\":\"https:\/\/lakecomosogno.com\/\",\"logo\":{\"@type\":\"ImageObject\",\"inLanguage\":\"it-IT\",\"@id\":\"https:\/\/lakecomosogno.com\/#\/schema\/logo\/image\/\",\"url\":\"https:\/\/lakecomosogno.com\/wp-content\/uploads\/2026\/01\/ChatGPT-Image-13-gen-2026-13_23_57-1-e1768307639952.png\",\"contentUrl\":\"https:\/\/lakecomosogno.com\/wp-content\/uploads\/2026\/01\/ChatGPT-Image-13-gen-2026-13_23_57-1-e1768307639952.png\",\"width\":914,\"height\":910,\"caption\":\"Il Sogno\"},\"image\":{\"@id\":\"https:\/\/lakecomosogno.com\/#\/schema\/logo\/image\/\"}}]}<\/script>\n<!-- \/ Yoast SEO plugin. -->","yoast_head_json":{"title":"Offerings - Il Sogno","robots":{"index":"noindex","follow":"follow","max-snippet":"max-snippet:-1","max-image-preview":"max-image-preview:large","max-video-preview":"max-video-preview:-1"},"og_locale":"it_IT","og_type":"article","og_title":"Offerings - Il Sogno","og_description":"I Nostri Servizi Unici Servizi Esclusivi Offerti 01 Camere Confortevoli Le nostre camere sono arredate con gusto e dotate di [&hellip;]","og_url":"https:\/\/lakecomosogno.com\/?page_id=278","og_site_name":"Il Sogno","article_modified_time":"2026-03-15T12:15:22+00:00","og_image":[{"url":"http:\/\/localhost\/ilsogno_bnb\/wordpress\/wp-content\/uploads\/2026\/01\/pexels-photo-1843244-1.jpeg","type":"","width":"","height":""}],"twitter_card":"summary_large_image","twitter_misc":{"Tempo di lettura stimato":"1 minuto"},"schema":{"@context":"https:\/\/schema.org","@graph":[{"@type":"WebPage","@id":"https:\/\/lakecomosogno.com\/?page_id=278","url":"https:\/\/lakecomosogno.com\/?page_id=278","name":"Offerings - Il Sogno","isPartOf":{"@id":"https:\/\/lakecomosogno.com\/#website"},"primaryImageOfPage":{"@id":"https:\/\/lakecomosogno.com\/?page_id=278#primaryimage"},"image":{"@id":"https:\/\/lakecomosogno.com\/?page_id=278#primaryimage"},"thumbnailUrl":"http:\/\/localhost\/ilsogno_bnb\/wordpress\/wp-content\/uploads\/2026\/01\/pexels-photo-1843244-1.jpeg","datePublished":"2026-01-04T12:11:48+00:00","dateModified":"2026-03-15T12:15:22+00:00","breadcrumb":{"@id":"https:\/\/lakecomosogno.com\/?page_id=278#breadcrumb"},"inLanguage":"it-IT","potentialAction":[{"@type":"ReadAction","target":["https:\/\/lakecomosogno.com\/?page_id=278"]}]},{"@type":"ImageObject","inLanguage":"it-IT","@id":"https:\/\/lakecomosogno.com\/?page_id=278#primaryimage","url":"http:\/\/localhost\/ilsogno_bnb\/wordpress\/wp-content\/uploads\/2026\/01\/pexels-photo-1843244-1.jpeg","contentUrl":"http:\/\/localhost\/ilsogno_bnb\/wordpress\/wp-content\/uploads\/2026\/01\/pexels-photo-1843244-1.jpeg"},{"@type":"BreadcrumbList","@id":"https:\/\/lakecomosogno.com\/?page_id=278#breadcrumb","itemListElement":[{"@type":"ListItem","position":1,"name":"Home","item":"https:\/\/lakecomosogno.com\/"},{"@type":"ListItem","position":2,"name":"Offerings"}]},{"@type":"WebSite","@id":"https:\/\/lakecomosogno.com\/#website","url":"https:\/\/lakecomosogno.com\/","name":"Il Sogno","description":"","publisher":{"@id":"https:\/\/lakecomosogno.com\/#organization"},"potentialAction":[{"@type":"SearchAction","target":{"@type":"EntryPoint","urlTemplate":"https:\/\/lakecomosogno.com\/?s={search_term_string}"},"query-input":{"@type":"PropertyValueSpecification","valueRequired":true,"valueName":"search_term_string"}}],"inLanguage":"it-IT"},{"@type":"Organization","@id":"https:\/\/lakecomosogno.com\/#organization","name":"Il Sogno","url":"https:\/\/lakecomosogno.com\/","logo":{"@type":"ImageObject","inLanguage":"it-IT","@id":"https:\/\/lakecomosogno.com\/#\/schema\/logo\/image\/","url":"https:\/\/lakecomosogno.com\/wp-content\/uploads\/2026\/01\/ChatGPT-Image-13-gen-2026-13_23_57-1-e1768307639952.png","contentUrl":"https:\/\/lakecomosogno.com\/wp-content\/uploads\/2026\/01\/ChatGPT-Image-13-gen-2026-13_23_57-1-e1768307639952.png","width":914,"height":910,"caption":"Il Sogno"},"image":{"@id":"https:\/\/lakecomosogno.com\/#\/schema\/logo\/image\/"}}]}},"_links":{"self":[{"href":"https:\/\/lakecomosogno.com\/index.php?rest_route=\/wp\/v2\/pages\/278","targetHints":{"allow":["GET"]}}],"collection":[{"href":"https:\/\/lakecomosogno.com\/index.php?rest_route=\/wp\/v2\/pages"}],"about":[{"href":"https:\/\/lakecomosogno.com\/index.php?rest_route=\/wp\/v2\/types\/page"}],"author":[{"embeddable":true,"href":"https:\/\/lakecomosogno.com\/index.php?rest_route=\/wp\/v2\/users\/1"}],"replies":[{"embeddable":true,"href":"https:\/\/lakecomosogno.com\/index.php?rest_route=%2Fwp%2Fv2%2Fcomments&post=278"}],"version-history":[{"count":7,"href":"https:\/\/lakecomosogno.com\/index.php?rest_route=\/wp\/v2\/pages\/278\/revisions"}],"predecessor-version":[{"id":595,"href":"https:\/\/lakecomosogno.com\/index.php?rest_route=\/wp\/v2\/pages\/278\/revisions\/595"}],"wp:attachment":[{"href":"https:\/\/lakecomosogno.com\/index.php?rest_route=%2Fwp%2Fv2%2Fmedia&parent=278"}],"curies":[{"name":"wp","href":"https:\/\/api.w.org\/{rel}","templated":true}]}}